 s. What are the prime factors of b?
157
Let n be (-24)/(-48) - 14/(-4). Suppose -271 = -r - 2*m, 0*r = -n*r + 4*m + 1108. List the prime factors of r.
5, 11
Let l = 63 - -34. Suppose -92*v + l*v - 2120 = 0. What are the prime factors of v?
2, 53
Let j = -285 - -453. Suppose j = -h + 502. Suppose 5*n - 26 = h. What are the prime factors of n?
2, 3
Suppose 43*y - 44*y + 7 = 0. Let p(s) = 74*s - 62. What are the prime factors of p(y)?
2, 3, 19
Suppose 0 = -5*a - 25, 4*k = 3*k + 4*a + 23. What are the prime factors of 40/k*(3 - 54/(-30))?
2
Suppose 0 = 4*n - 2*m - 36208, -563*n = -558*n - 3*m - 45263. What are the prime factors of n?
9049
Suppose -3*x - 5*y + 52 = 47, 0 = 4*x + 2*y - 16. Let m = -2 - 1. What are the prime factors of m/1*(x - 24)?
3, 19
Let b = -44129 + 61984. What are the prime factors of b?
5, 3571
Let v be ((-3882)/(-4))/(3*3/(-12)). Let c = v - -144. List the prime factors of (c/15 - -1)*-3.
227
Let q(x) = -211*x**2 + x + 41497. List the prime factors of q(0).
17, 2441
Let r be (7/(-21))/(2/(-18)). Suppose 0*a - 18 = r*a. List the prime factors of a/16 - 566/(-16).
5, 7
Let g = 22012 + -10639. What are the prime factors of g?
3, 17, 223
Let x(g) = 84*g**2 - 166*g - 3657. List the prime factors of x(-23).
7, 23, 277
Suppose 11*l = 10*l + 87. Suppose 23*t = 28*t - 930. Let i = t - l. What are the prime factors of i?
3, 11
Let o(i) = i**3 + i + 7. Let u be o(0). What are the prime factors of ((-10)/4)/5*(u + -99)?
2, 23
Let z be (-1)/4 + 11567/(-4). List the prime factors of 3/9 + z/(-18).
7, 23
Let o be (-2)/(-2 + 4 - 3). Suppose c = o*u + 12, -u = 3*c + 3*u + 14. Suppose a = -p + 169, -7*p - 2*a + 833 = -c*p. List the prime factors of p.
3, 5, 11
Suppose -2*x - 3*x + 19 = 3*b, 11 = 5*b - 2*x. Let w be ((-6)/4)/(b - 21/6). Suppose -w*v + v + 10 = 0. List the prime factors of v.
5
Suppose 3*n + 8*k - 4*k + 1215 = 0, k = 5*n + 2025. Let q = n + 662. What are the prime factors of q?
257
Let w = 56 + -60. Let a = 10 + w. List the prime factors of (-104)/(-6) - 2/a - -1.
2, 3
Suppose 14 = 2*i, -19*i - 15813 = -v - 20*i. List the prime factors of v.
2, 7, 1129
Let o be (-88)/7 + (-3)/7. List the prime factors of (-2 - o)/(24/888).
11, 37
Let c = 11670 + 702. List the prime factors of c.
2, 3, 1031
Let n be (3/6 - 3)*(-147 - 1). Suppose 3*t - t + n = 0. Let z = -81 - t. What are the prime factors of z?
2, 13
List the prime factors of 1184876/30 + (-268)/(-2010).
2, 4937
Let s = 783 - 647. Suppose s*t = 140*t - 6352. List the prime factors of t.
2, 397
Suppose 24090 = 7*t + 4*t. Suppose -2*f + 5*b + t = 0, 306 = f + b - 782. List the prime factors of f.
2, 5, 109
Suppose 5438 = -w - 5*g + 16144, -3*w = 5*g - 32118. What are the prime factors of w?
2, 53, 101
Suppose 0 = -5*c + 5*z - 15, -3*c + z + 1 = 4. Suppose -3*x + 3*t = -180, 3*t - 7*t + 4 = c. Let q = 136 - x. List the prime factors of q.
3, 5
Let g = -127 + 127. Suppose -314 = -2*q + 3*t, g = 2*t - t - 2. List the prime factors of q.
2, 5
Let n = 5206 + -1483. What are the prime factors of n?
3, 17, 73
Suppose -3*i + k = -1580 + 270, 0 = -3*k + 21. What are the prime factors of i?
439
Suppose -12424 = 255*p - 259*p. List the prime factors of p.
2, 1553
Let f(a) = a + 5. Let k be f(-2). Suppose -3*w + 2*z = -470, -2*w + 369 - 34 = k*z. List the prime factors of w.
2, 5
What are the prime factors of (-8393190)/104*36/(-45)?
3, 21521
Let o(u) be the first derivative of -25*u**2/2 + 1324*u + 316. What are the prime factors of o(0)?
2, 331
Suppose -2828 + 908 = 6*v. Let d = v + 603. What are the prime factors of d?
283
Suppose -3*t + 26 = -2*t. Suppose 68 = 27*c - t*c. What are the prime factors of c?
2, 17
Let g(n) = 179*n**2 - 5*n - 4. Let h be g(-1). Suppose 0 = 16*t - 4956 - h. List the prime factors of t.
3, 107
Let m(f) = 2*f - 2*f**3 - 37*f**2 + 3*f**3 + 46*f**2 + 22. Let n be m(-9). Suppose n*u + 2*u = 534. List the prime factors of u.
89
Suppose -59*d + 455220 = 65*d - 88644. What are the prime factors of d?
2, 3, 17, 43
Let h(t) = -t**3 - 95*t**2 + 225*t + 301. What are the prime factors of h(-99)?
2, 5, 1723
Let m be 2625/9 - (-7)/21. Suppose m*l + 9889 = 303*l. What are the prime factors of l?
29, 31
Suppose -34*m + 38*m + 4*z - 43156 = 0, 0 = 4*m - 3*z - 43170. What are the prime factors of m?
3, 11, 109
List the prime factors of 658/10 + 2/(-100)*-10.
2, 3, 11
Let i(v) = -v + 29. Suppose 15*y = 172 + 38. Let d be i(y). Suppose -w = -d - 20. What are the prime factors of w?
5, 7
Suppose 15 = 3*y, -3*c - 5*y = -c - 77. Suppose 8*g + 7452 = c*g. What are the prime factors of g?
2, 3, 23
Let z(x) = -62*x - 6. Let k(c) = 6*c + 41. Let f(n) = n + 8. Let i(w) = -11*f(w) + 2*k(w). Let v be i(4). What are the prime factors of z(v)?
2, 59
Let d = 794 + -1320. Let c = d + 1399. What are the prime factors of c?
3, 97
Suppose -t + 8*t - 4214 = 0. Suppose -l = 4*f - 9*f + 1519, -t = -2*f - l. What are the prime factors of f?
3, 101
Let z(h) = -3*h + 14. Let n be z(4). Let c = -79 - -128. Suppose n*k + 184 = 4*o, k + 0 = -o + c. List the prime factors of o.
47
Let v = 7730 - 6507. List the prime factors of v.
1223
Let b be ((-27)/36)/(2/(-8)). Let y be (-8)/(-92) - 113/(-23). What are the prime factors of b/y - 2672/(-80)?
2, 17
Let t = -29 - -32. Let b be t + 0*1/(-2). Suppose f + 2*f = b*x - 102, -8 = 2*f. List the prime factors of x.
2, 3, 5
Let l(o) be the first derivative of -9*o**2 + 41*o - 52. What are the prime factors of l(-6)?
149
Let g(m) = -24*m**3 - 9*m**2 + 6*m - 154. List the prime factors of g(-11).
5, 11, 557
Let t be (-3 - (-92 + 5))/(-1). Let l = 175 + t. What are the prime factors of l?
7, 13
Let a(r) = r**2 - 5*r + 34. Let i be a(8). Suppose 0 = -i*b + 54*b + 3500. List the prime factors of b.
5, 7
Let q(y) = y**3 - 14*y**2 + y + 7. Let c be q(14). Suppose c*s - 114 = 20*s. Suppose -30 = -9*l + s. What are the prime factors of l?
2
Let t(p) = 4*p + 17. Suppose -5*m = -3*g + 56, 0 = 3*m - m - 5*g + 11. Let l = 20 + m. List the prime factors of t(l).
3, 5
Suppose -22*y + 64*y = 21*y + 452403. List the prime factors of y.
3, 43, 167
Suppose 0*r - 4*r - 2440 = -3*l, 0 = -5*l + 3*r + 4063. Suppose -3*g + 483 = -3*z + 15, 0 = 5*g + 3*z - l. What are the prime factors of g?
2, 5
Suppose 3*h - 99 = -3*a, 2*h - 4*a = 50 + 16. Let x = -7688 - -7937. Let g = x - h. What are the prime factors of g?
2, 3
Suppose -3*v + 4131 = -4*o - 111340, -3*o - 76982 = -2*v. What are the prime factors of v?
5, 43, 179
Let s(g) = g**3 + 57*g**2 + 165*g - 142. List the prime factors of s(-22).
2, 823
Let y(h) be the first derivative of 185*h**4/4 + 4*h**3/3 - 3*h + 8. Let x be y(-1). Let i = x - -351. What are the prime factors of i?
167
Let u = 361 - -74. List the prime factors of u.
3, 5, 29
Let j = 77 + -51. Suppose -j = -2*x + 20. Let n = -11 + x. List the prime factors of n.
2, 3
Let g(z) = -8*z**2 - 3*z - 27. Let p be g(11). Let a = 1542 + p. List the prime factors of a.
2, 257
What are the prime factors of -5*30/(-250)*(20491 + -1)?
2, 3, 683
Suppose v = 2*j - 11, 6*j = 2*v + j + 27. List the prime factors of (7700/200)/(5/(-6) - v).
3, 7, 11
Let l = 536 + -751. Let d = 451 + l. What are the prime factors of d?
2, 59
Let y(b) = 73*b**3 + 8*b**2 + 8*b - 13. List the prime factors of y(4).
61, 79
Let t(m) = 6*m**3 - 8*m**2 + 2*m + 12. Let c(y) = -y**3 - y**2 - y + 3. Let d(r) = 5*c(r) + t(r). What are the prime factors of d(15)?
2, 3
Let w(z) = -z**3 + 54*z**2 - 146*z - 151. List the prime factors of w(49).
2, 5, 47
Suppose -5*b + 47 = -23. Suppose -2*d = -3*q - b, -4*q - 8 = -2*d + 4. Let v(r) = -r**2 + 22*r - 23. What are the prime factors of v(d)?
97
Let k(a) = -25*a**3 - 31*a**2 + 44*a - 141. What are the prime factors of k(-16)?
17, 5507
Let i = -12797 + 23560. List the prime factors of i.
47, 229
Suppose 216 = i + 1514. Let r be (-68)/306 + i/(-9). Suppose -4*t + r = -556. What are the prime factors of t?
5, 7
Let n be -1 - 1 - -1 - (-1 - -12). What are the prime factors of (-18)/n*(-4)/6 - -1455?
2, 727
Suppose -12*u = -376274 - 129322. What are the prime factors of u?
7, 13, 463
Let j(v) = v**3 + 21*v**2 - 5*v + 2. Suppose 3 = -2*t - 5, -2*r - t - 18 = 0. Let b = r + -14. What are the prime factors of j(b)?
107
Suppose -2*t - 29 = 133. Let l = -83 - t. List the prime factors 